{"id":184,"date":"2012-07-29T23:22:00","date_gmt":"2012-07-29T23:22:00","guid":{"rendered":"https:\/\/profspaulo.com\/?page_id=184"},"modified":"2017-04-14T21:20:33","modified_gmt":"2017-04-14T20:20:33","slug":"sites-desenvolvidos","status":"publish","type":"page","link":"https:\/\/profspaulo.com\/?page_id=184","title":{"rendered":"Sites desenvolvidos"},"content":{"rendered":"<p>&nbsp;<\/p>\n<ul>\n<li><a href=\"http:\/\/www.clourdes.pt\/\" target=\"_blank\">Site do Col\u00e9gio de Lourdes &#8211; www.clourdes.pt<\/a><\/li>\n<li><a href=\"http:\/\/moodle.clourdes.pt\/\" target=\"_blank\">Plataforma Moodle\u00a0 do Col\u00e9gio de Lourdes &#8211; http:\/\/moodle.clourdes.pt\/<\/a><\/li>\n<li><a href=\"https:\/\/profspaulo.com\/\" target=\"_blank\">Site pessoal &#8211; www.profspaulo.com<\/a><\/li>\n<li><a href=\"http:\/\/trigonometria3.com\/intro\/\" target=\"_blank\">Site do Centro de Estudos &#8211; www.Trigonometria 3.com<\/a><\/li>\n<li><a href=\"http:\/\/marcelauto.com\/home\/\" target=\"_blank\">Site de um stand de autom\u00f3veis &#8211; www.marcelauto.com<\/a><\/li>\n<li><a href=\"http:\/\/optimidia.net\/intro\/\" target=\"_blank\">Site de Publicidade &#8211; www.optimidia.pt<\/a><\/li>\n<li><strong><a title=\"exemplos de inqu\u00e9ritos\" href=\"https:\/\/profspaulo.com\/inqueritos\/index.php?sid=31449&amp;lang=pt\" target=\"_blank\">Exemplo de Inqu\u00e9ritos.<\/a><\/strong><\/li>\n<li><strong><a title=\"Clube de prote\u00e7\u00e3o Civil\" href=\"http:\/\/clube-proteccao-civil-sezim.blogspot.com\/\" target=\"_blank\">Blog para o Clube da Prote\u00e7\u00e3o Civil de Sezim Col\u00e9gio de Guimar\u00e3es.<\/a><\/strong><\/li>\n<li><strong><a title=\"\u00c1rea Projeto\" href=\"http:\/\/area-projecto-sezim-colegio-guimaraes.blogspot.com\/\" target=\"_blank\">Blog de \u00c1rea Projeto para publicar os trabalhos realizados.<\/a><\/strong><\/li>\n<li><strong><a title=\"Blogue da turma 11\u00baB\" href=\"http:\/\/turmatalequal.blogspot.com\/\" target=\"_blank\">Blog de turma 11\u00baB.<\/a><\/strong><\/li>\n<\/ul>\n<p>&nbsp;<\/p>\n","protected":false},"excerpt":{"rendered":"<p>&nbsp; Site do Col\u00e9gio de Lourdes &#8211; www.clourdes.pt Plataforma Moodle\u00a0 do Col\u00e9gio de Lourdes &#8211; http:\/\/moodle.clourdes.pt\/ Site pessoal &#8211; www.profspaulo.com Site do Centro de Estudos &#8211; www.Trigonometria 3.com Site de um stand de autom\u00f3veis &#8211; www.marcelauto.com Site de Publicidade &#8211; www.optimidia.pt Exemplo de Inqu\u00e9ritos. Blog para o Clube da Prote\u00e7\u00e3o Civil de Sezim Col\u00e9gio de <a class=\"more-link\" href=\"https:\/\/profspaulo.com\/?page_id=184\">Ler mais&#8230;<\/a><\/p>\n","protected":false},"author":1,"featured_media":0,"parent":96,"menu_order":0,"comment_status":"closed","ping_status":"open","template":"","meta":{"footnotes":""},"class_list":["post-184","page","type-page","status-publish","hentry"],"_links":{"self":[{"href":"https:\/\/profspaulo.com\/index.php?rest_route=\/wp\/v2\/pages\/184","targetHints":{"allow":["GET"]}}],"collection":[{"href":"https:\/\/profspaulo.com\/index.php?rest_route=\/wp\/v2\/pages"}],"about":[{"href":"https:\/\/profspaulo.com\/index.php?rest_route=\/wp\/v2\/types\/page"}],"author":[{"embeddable":true,"href":"https:\/\/profspaulo.com\/index.php?rest_route=\/wp\/v2\/users\/1"}],"replies":[{"embeddable":true,"href":"https:\/\/profspaulo.com\/index.php?rest_route=%2Fwp%2Fv2%2Fcomments&post=184"}],"version-history":[{"count":4,"href":"https:\/\/profspaulo.com\/index.php?rest_route=\/wp\/v2\/pages\/184\/revisions"}],"predecessor-version":[{"id":616,"href":"https:\/\/profspaulo.com\/index.php?rest_route=\/wp\/v2\/pages\/184\/revisions\/616"}],"up":[{"embeddable":true,"href":"https:\/\/profspaulo.com\/index.php?rest_route=\/wp\/v2\/pages\/96"}],"wp:attachment":[{"href":"https:\/\/profspaulo.com\/index.php?rest_route=%2Fwp%2Fv2%2Fmedia&parent=184"}],"curies":[{"name":"wp","href":"https:\/\/api.w.org\/{rel}","templated":true}]}}