{"id":266,"date":"2012-08-04T07:36:50","date_gmt":"2012-08-04T06:36:50","guid":{"rendered":"https:\/\/profspaulo.com\/?page_id=266"},"modified":"2017-04-14T18:58:58","modified_gmt":"2017-04-14T17:58:58","slug":"inqueritos","status":"publish","type":"page","link":"https:\/\/profspaulo.com\/?page_id=266","title":{"rendered":"Inqu\u00e9ritos"},"content":{"rendered":"<p>&nbsp;<\/p>\n<p style=\"text-align: justify;\"><span style=\"color: #000000;\">Instalei e dinamizo uma plataforma de inqu\u00e9ritos que realiza automaticamente a estatistica das quest\u00f5es bem como a gest\u00e3o dos inqu\u00e9ritos.<\/span><\/p>\n<div style=\"text-align: justify;\"><\/div>\n<div style=\"text-align: justify;\">Alguns exemplos:<\/div>\n<div>\n<p style=\"text-align: justify;\"><a href=\"https:\/\/profspaulo.com\/inqueritos\/index.php?sid=33696&amp;lang=pt\">https:\/\/profspaulo.com\/inqueritos\/index.php?sid=33696&amp;lang=pt<\/a><\/p>\n<p style=\"text-align: justify;\"><a href=\"https:\/\/profspaulo.com\/?attachment_id=271\" rel=\"attachment wp-att-271\"><br \/>\n<\/a><a href=\"https:\/\/profspaulo.com\/inqueritos\/index.php?sid=81163&amp;lang=pt\">https:\/\/profspaulo.com\/inqueritos\/index.php?sid=81163&amp;lang=pt<\/a><\/p>\n<\/div>\n","protected":false},"excerpt":{"rendered":"<p>&nbsp; Instalei e dinamizo uma plataforma de inqu\u00e9ritos que realiza automaticamente a estatistica das quest\u00f5es bem como a gest\u00e3o dos inqu\u00e9ritos. Alguns exemplos: https:\/\/profspaulo.com\/inqueritos\/index.php?sid=33696&amp;lang=pt https:\/\/profspaulo.com\/inqueritos\/index.php?sid=81163&amp;lang=pt<\/p>\n","protected":false},"author":1,"featured_media":0,"parent":96,"menu_order":0,"comment_status":"closed","ping_status":"closed","template":"","meta":{"footnotes":""},"class_list":["post-266","page","type-page","status-publish","hentry"],"_links":{"self":[{"href":"https:\/\/profspaulo.com\/index.php?rest_route=\/wp\/v2\/pages\/266","targetHints":{"allow":["GET"]}}],"collection":[{"href":"https:\/\/profspaulo.com\/index.php?rest_route=\/wp\/v2\/pages"}],"about":[{"href":"https:\/\/profspaulo.com\/index.php?rest_route=\/wp\/v2\/types\/page"}],"author":[{"embeddable":true,"href":"https:\/\/profspaulo.com\/index.php?rest_route=\/wp\/v2\/users\/1"}],"replies":[{"embeddable":true,"href":"https:\/\/profspaulo.com\/index.php?rest_route=%2Fwp%2Fv2%2Fcomments&post=266"}],"version-history":[{"count":7,"href":"https:\/\/profspaulo.com\/index.php?rest_route=\/wp\/v2\/pages\/266\/revisions"}],"predecessor-version":[{"id":406,"href":"https:\/\/profspaulo.com\/index.php?rest_route=\/wp\/v2\/pages\/266\/revisions\/406"}],"up":[{"embeddable":true,"href":"https:\/\/profspaulo.com\/index.php?rest_route=\/wp\/v2\/pages\/96"}],"wp:attachment":[{"href":"https:\/\/profspaulo.com\/index.php?rest_route=%2Fwp%2Fv2%2Fmedia&parent=266"}],"curies":[{"name":"wp","href":"https:\/\/api.w.org\/{rel}","templated":true}]}}