{"id":93,"date":"2012-07-05T15:24:09","date_gmt":"2012-07-05T15:24:09","guid":{"rendered":"https:\/\/profspaulo.com\/?page_id=93"},"modified":"2021-07-20T22:35:26","modified_gmt":"2021-07-20T21:35:26","slug":"formacao-realizada-2","status":"publish","type":"page","link":"https:\/\/profspaulo.com\/?page_id=93","title":{"rendered":"Forma\u00e7\u00e3o Realizada"},"content":{"rendered":"<ul>\n<li>A\u00e7\u00e3o de forma\u00e7\u00e3o &#8220;Aprender com dispositivos m\u00f3veis &#8211; cen\u00e1rios inovadores de aprendizagem (n\u00edvel avan\u00e7ado)&#8221; onde obtive Excelente (10 em 10). <strong>2021<\/strong><\/li>\n<li>A\u00e7\u00e3o de Forma\u00e7\u00e3o n.\u00ba 147 &#8211; Turma 3: &#8220;A DID\u00c1TICA DAS CI\u00caNCIAS E O TRABALHO EXPERIMENTAL E COOPERATIVO&#8221; onde obtive Excelente (10 em 10). <strong>2018<\/strong><\/li>\n<li>A\u00e7\u00e3o de forma\u00e7\u00e3o<strong> \u201c<\/strong>AVALIAR PARA APRENDER: A CLASSIFICA\u00c7\u00c3O E A AVALIA\u00c7\u00c3O EXTERNA DAS APRENDIZAGENS\n<p>NO ENSINO SECUND\u00c1RIO\u201d dinamizada pelo IAVE onde obtive Excelente (9,8 em 10). <strong>2017<\/strong><\/li>\n<li>A\u00e7\u00e3o de forma\u00e7\u00e3o<strong> \u201c<\/strong>AVALIAR PARA APRENDER: A CLASSIFICA\u00c7\u00c3O E A AVALIA\u00c7\u00c3O EXTERNA DAS APRENDIZAGENS<\/li>\n<li style=\"list-style-type: none;\"><\/li>\n<li>FORMA\u00c7\u00c3O METAS CURRICULARES DE MATEM\u00c1TICA\u2013 2\u00ba E 3\u00ba\u00a0CICLO &#8211; AEEP<\/li>\n<li><span style=\"color: #222222;\">Oficina de forma\u00e7\u00e3o\u00a0<\/span><i style=\"color: #222222;\">Itens e Crit\u00e9rios: Defini\u00e7\u00e3o, Constru\u00e7\u00e3o e Aplica\u00e7\u00e3o<\/i><span style=\"color: #222222;\">, enquadrada no programa de forma\u00e7\u00e3o da Bolsa de Professores Classificadores dos Exames Nacionais do Ensino Secund\u00e1rio-<b>GAVE.<\/b><\/span><\/li>\n<li><span style=\"color: #222222;\">A\u00e7\u00e3o de forma\u00e7\u00e3o \u201cAvalia\u00e7\u00e3o: Fun\u00e7\u00f5es e Pr\u00e1ticas<\/span><b style=\"color: #222222;\">\u201d &#8211; GAVE.<\/b><\/li>\n<li>Forma\u00e7\u00e3o de Classificadores &#8211;<b style=\"color: #222222;\">GAVE.<\/b><\/li>\n<li>Ac\u00e7\u00e3o de forma\u00e7\u00e3o &lt;&lt;Explorar as potencialidades da calculadora gr\u00e1fica no \u00e2mbito das ci\u00eancias F\u00edsico \u2013 Qu\u00edmicas&gt;&gt;<\/li>\n<li><em>A reorganiza\u00e7\u00e3o Curricular do Ensino B\u00e1sico.<\/em><\/li>\n<li><strong><em>Multim\u00e9dia no Ensino das Ci\u00eancias.<\/em><\/strong><\/li>\n<li><strong><em>As TIC em contexto educativo: A Terra no espa\u00e7o.<\/em><\/strong><\/li>\n<li><em>Semin\u00e1rio de Educa\u00e7\u00e3o de Edi\u00e7\u00f5es ASA, subordinado ao tema \u201c Indisciplina e Viol\u00eancia na sala de aula\u201d realizado em Pa\u00e7os de Ferreira.<\/em><\/li>\n<li><em>Jornada de Apresenta\u00e7\u00f5es dos Manuais do 9\u00baAno de Edi\u00e7\u00f5es ASA, realizado em Braga.<\/em><\/li>\n<li><em>Ac\u00e7\u00e3o de Forma\u00e7\u00e3o &lt;&lt;\u00a0 Leccionar com os novos manuais para o 9\u00baAno&gt;&gt;, realizada pela Pl\u00e1tano Editora e Did\u00e1ctica Editora no Porto.<\/em><\/li>\n<li><strong><em>Ac\u00e7\u00e3o de forma\u00e7\u00e3o &lt;&lt; Trabalho pr\u00e1tico na perspectiva dos novos programas de F\u00edsica-Qu\u00edmica-11\u00ba Ano&gt;&gt;<\/em><\/strong><\/li>\n<li><em>Encontro primavera porto 2005 (Ensino secund\u00e1rio) da ASA (Novo programa de F\u00edsica 12\u00baAno).<\/em><\/li>\n<li><em>Encontro de Educa\u00e7\u00e3o subordinado ao tema Apresenta\u00e7\u00e3o De Manuais Escolares 2005 da Porto Editora (Novo programa de F\u00edsica e Qu\u00edmica 12\u00baAno).<\/em><\/li>\n<li><em>Apresenta\u00e7\u00e3o dos projectos escolares 2005 Texto Editores (Novo programa de F\u00edsica e Qu\u00edmica 12\u00baAno).<\/em><\/li>\n<li><strong><em>Ac\u00e7\u00e3o de forma\u00e7\u00e3o &lt;&lt;I Jornada das TIC na Escola (JTICE)&gt;&gt;<\/em><\/strong><\/li>\n<li><strong><em>Workshop de e-LearningUP \u2013Universidade do Porto.<\/em><\/strong><\/li>\n<li><strong><em>Semin\u00e1rio \u201cMaterial Did\u00e1ctico Inovador\u201d.<\/em><\/strong><\/li>\n<li><em>Ac\u00e7\u00e3o de forma\u00e7\u00e3o &lt;&lt; Primeiros Socorros&gt;&gt;<\/em><\/li>\n<li><strong><em>Ac\u00e7\u00e3o de forma\u00e7\u00e3o &lt;&lt;\u00c1rea Projecto \u2013 12\u00baAno, Como Organizar, como desenvolver &gt;&gt;<\/em><\/strong><\/li>\n<li><em>Ac\u00e7\u00e3o de forma\u00e7\u00e3o &lt;&lt; Bulling \u2013 A agressividade entre crian\u00e7as no espa\u00e7o escolar&gt;&gt;<\/em><\/li>\n<li><em>Ac\u00e7\u00e3o de forma\u00e7\u00e3o &lt;&lt; Poupan\u00e7a de Energia El\u00e9ctrica\u00a0 \u2013 Mudar \u00e9 f\u00e1cil e n\u00e3o custa nada?&gt;&gt;<\/em><\/li>\n<\/ul>\n","protected":false},"excerpt":{"rendered":"<p>A\u00e7\u00e3o de forma\u00e7\u00e3o &#8220;Aprender com dispositivos m\u00f3veis &#8211; cen\u00e1rios inovadores de aprendizagem (n\u00edvel avan\u00e7ado)&#8221; onde obtive Excelente (10 em 10). 2021 A\u00e7\u00e3o de Forma\u00e7\u00e3o n.\u00ba 147 &#8211; Turma 3: &#8220;A DID\u00c1TICA DAS CI\u00caNCIAS E O TRABALHO EXPERIMENTAL E COOPERATIVO&#8221; onde obtive Excelente (10 em 10). 2018 A\u00e7\u00e3o de forma\u00e7\u00e3o \u201cAVALIAR PARA APRENDER: A CLASSIFICA\u00c7\u00c3O E <a class=\"more-link\" href=\"https:\/\/profspaulo.com\/?page_id=93\">Ler mais&#8230;<\/a><\/p>\n","protected":false},"author":1,"featured_media":0,"parent":74,"menu_order":0,"comment_status":"closed","ping_status":"open","template":"","meta":{"footnotes":""},"class_list":["post-93","page","type-page","status-publish","hentry"],"_links":{"self":[{"href":"https:\/\/profspaulo.com\/index.php?rest_route=\/wp\/v2\/pages\/93","targetHints":{"allow":["GET"]}}],"collection":[{"href":"https:\/\/profspaulo.com\/index.php?rest_route=\/wp\/v2\/pages"}],"about":[{"href":"https:\/\/profspaulo.com\/index.php?rest_route=\/wp\/v2\/types\/page"}],"author":[{"embeddable":true,"href":"https:\/\/profspaulo.com\/index.php?rest_route=\/wp\/v2\/users\/1"}],"replies":[{"embeddable":true,"href":"https:\/\/profspaulo.com\/index.php?rest_route=%2Fwp%2Fv2%2Fcomments&post=93"}],"version-history":[{"count":6,"href":"https:\/\/profspaulo.com\/index.php?rest_route=\/wp\/v2\/pages\/93\/revisions"}],"predecessor-version":[{"id":792,"href":"https:\/\/profspaulo.com\/index.php?rest_route=\/wp\/v2\/pages\/93\/revisions\/792"}],"up":[{"embeddable":true,"href":"https:\/\/profspaulo.com\/index.php?rest_route=\/wp\/v2\/pages\/74"}],"wp:attachment":[{"href":"https:\/\/profspaulo.com\/index.php?rest_route=%2Fwp%2Fv2%2Fmedia&parent=93"}],"curies":[{"name":"wp","href":"https:\/\/api.w.org\/{rel}","templated":true}]}}

Formação Realizada

<ul>
<li>Ação de formação &#8220;Aprender com dispositivos móveis &#8211; cenários inovadores de aprendizagem (nível avançado)&#8221; onde obtive Excelente (10 em 10). <strong>2021</strong></li>
<li>Ação de Formação n.º 147 &#8211; Turma 3: &#8220;A DIDÁTICA DAS CIÊNCIAS E O TRABALHO EXPERIMENTAL E COOPERATIVO&#8221; onde obtive Excelente (10 em 10). <strong>2018</strong></li>
<li>Ação de formação<strong> “</strong>AVALIAR PARA APRENDER: A CLASSIFICAÇÃO E A AVALIAÇÃO EXTERNA DAS APRENDIZAGENS
<p>NO ENSINO SECUNDÁRIO” dinamizada pelo IAVE onde obtive Excelente (9,8 em 10). <strong>2017</strong></li>
<li>Ação de formação<strong> “</strong>AVALIAR PARA APRENDER: A CLASSIFICAÇÃO E A AVALIAÇÃO EXTERNA DAS APRENDIZAGENS</li>
<li style="list-style-type: none;"></li>
<li>FORMAÇÃO METAS CURRICULARES DE MATEMÁTICA– 2º E 3º CICLO &#8211; AEEP</li>
<li><span style="color: #222222;">Oficina de formação </span><i style="color: #222222;">Itens e Critérios: Definição, Construção e Aplicação</i><span style="color: #222222;">, enquadrada no programa de formação da Bolsa de Professores Classificadores dos Exames Nacionais do Ensino Secundário-<b>GAVE.</b></span></li>
<li><span style="color: #222222;">Ação de formação “Avaliação: Funções e Práticas</span><b style="color: #222222;">” &#8211; GAVE.</b></li>
<li>Formação de Classificadores &#8211;<b style="color: #222222;">GAVE.</b></li>
<li>Acção de formação &lt;&lt;Explorar as potencialidades da calculadora gráfica no âmbito das ciências Físico – Químicas&gt;&gt;</li>
<li><em>A reorganização Curricular do Ensino Básico.</em></li>
<li><strong><em>Multimédia no Ensino das Ciências.</em></strong></li>
<li><strong><em>As TIC em contexto educativo: A Terra no espaço.</em></strong></li>
<li><em>Seminário de Educação de Edições ASA, subordinado ao tema “ Indisciplina e Violência na sala de aula” realizado em Paços de Ferreira.</em></li>
<li><em>Jornada de Apresentações dos Manuais do 9ºAno de Edições ASA, realizado em Braga.</em></li>
<li><em>Acção de Formação &lt;&lt;  Leccionar com os novos manuais para o 9ºAno&gt;&gt;, realizada pela Plátano Editora e Didáctica Editora no Porto.</em></li>
<li><strong><em>Acção de formação &lt;&lt; Trabalho prático na perspectiva dos novos programas de Física-Química-11º Ano&gt;&gt;</em></strong></li>
<li><em>Encontro primavera porto 2005 (Ensino secundário) da ASA (Novo programa de Física 12ºAno).</em></li>
<li><em>Encontro de Educação subordinado ao tema Apresentação De Manuais Escolares 2005 da Porto Editora (Novo programa de Física e Química 12ºAno).</em></li>
<li><em>Apresentação dos projectos escolares 2005 Texto Editores (Novo programa de Física e Química 12ºAno).</em></li>
<li><strong><em>Acção de formação &lt;&lt;I Jornada das TIC na Escola (JTICE)&gt;&gt;</em></strong></li>
<li><strong><em>Workshop de e-LearningUP –Universidade do Porto.</em></strong></li>
<li><strong><em>Seminário “Material Didáctico Inovador”.</em></strong></li>
<li><em>Acção de formação &lt;&lt; Primeiros Socorros&gt;&gt;</em></li>
<li><strong><em>Acção de formação &lt;&lt;Área Projecto – 12ºAno, Como Organizar, como desenvolver &gt;&gt;</em></strong></li>
<li><em>Acção de formação &lt;&lt; Bulling – A agressividade entre crianças no espaço escolar&gt;&gt;</em></li>
<li><em>Acção de formação &lt;&lt; Poupança de Energia Eléctrica  – Mudar é fácil e não custa nada?&gt;&gt;</em></li>
</ul>

<p>Ação de formação &#8220;Aprender com dispositivos móveis &#8211; cenários inovadores de aprendizagem (nível avançado)&#8221; onde obtive Excelente (10 em 10). 2021 Ação de Formação n.º 147 &#8211; Turma 3: &#8220;A DIDÁTICA DAS CIÊNCIAS E O TRABALHO EXPERIMENTAL E COOPERATIVO&#8221; onde obtive Excelente (10 em 10). 2018 Ação de formação “AVALIAR PARA APRENDER: A CLASSIFICAÇÃO E <a class="more-link" href="https://profspaulo.com/?page_id=93">Ler mais&#8230;</a></p>
